 highest common factor of 15 and j?
15
Let c = 28 - 41. Let p = -5 - c. Let l = p + 0. What is the greatest common divisor of 8 and l?
8
Suppose -3*l + 15 = 0, 7 = -3*z + 4*l + 2. Let g be 39 + 2 + 1*-1. What is the greatest common divisor of g and z?
5
Let j = 75 - 11. Suppose 3*o + 5*s = 34, -3*o + 4*o - 14 = -3*s. Calculate the highest common factor of o and j.
8
Let a be (-39)/(-6) + (-3)/(-2). Suppose -42 = -t - a. Calculate the greatest common factor of t and 34.
34
Let w = -1 + 5. Let l be 18/(-16)*-2*w. Suppose 2*b - 60 - 138 = 0. Calculate the highest common divisor of l and b.
9
Suppose 467 = -2*b + 1241. Let l = 643 - b. Suppose -2*f = -l + 96. What is the highest common factor of 10 and f?
10
Suppose 0 = -5*a + 5*i - 3 + 63, 4*a = -i + 63. Let q(h) = -32*h - 4. Suppose -10 = 7*g - 2*g. Let u be q(g). What is the highest common factor of u and a?
15
Let r be (-12)/(-15)*(-10)/2. Let p(b) = b**2 - b. Let x be p(r). Calculate the highest common divisor of 20 and x.
20
Suppose -t = 4*t - 25. Suppose -3*c = s - 263, -5*c - 132 = -t*s - 577. Let f = 19 - 11. What is the greatest common divisor of f and c?
8
Let l be (-3)/2 + (-126)/(-36). Suppose 3*j = 13 + 2. What is the greatest common factor of j and l?
1
Let t(v) = 13*v**2 + 13*v + 22. Let q be t(-2). What is the greatest common factor of 96 and q?
48
Suppose 4*x - 3*s - 16 = 0, -4*s = -7*s. Calculate the highest common factor of x and 1.
1
Suppose -2*p = 10, -100 = 5*t + 2*p + p. Let m be (-3 - t) + (-2)/(-1). What is the highest common factor of m and 8?
8
Let w(j) = 2*j + 8. Let x be w(-1). Calculate the highest common divisor of x and 42.
6
Suppose -10 = 5*n, -5*p - 3*n + 4 = -5*n. Suppose p = 2*w - 66 - 96. Let m = -11 - -20. Calculate the greatest common divisor of w and m.
9
Suppose -4*o - 4*y + 62 = -166, -4*y = -2*o + 132. Calculate the greatest common divisor of 20 and o.
20
Suppose -2*b - h = -44 - 9, -3*h + 103 = 4*b. What is the greatest common divisor of b and 14?
14
Suppose w + 2*d = 15, -d = 2*w - 8 - 16. Suppose 0 = -h + 5*h - 192. Let q = h - 15. What is the greatest common divisor of w and q?
11
Let g be (64/12 + -2)*12. Calculate the highest common divisor of 10 and g.
10
Let x(q) = q**3 + 2*q**2 + 10*q. Let j be x(5). What is the highest common divisor of j and 25?
25
Let o = 18 + -17. What is the highest common factor of 5 and o?
1
Let s be 1/((-2 + 0)/(-20)). Let t(q) = -q**2 + 5*q. Let m be t(5). Suppose m = 5*v - 14 - 11. Calculate the greatest common factor of v and s.
5
Suppose 0 = 5*h - 6*v + 3*v - 12, 0 = -4*h + 3*v + 12. Let m = -1 + h. Let a be (-6)/(-3) + 9 - m. Calculate the highest common divisor of a and 6.
6
Let k(v) = -v**3 + 8*v**2 - 6*v + 4. Let u be k(4). What is the highest common factor of 11 and u?
11
Let q(h) = -h**3 - 6*h**2 + 15*h. Let r be q(-8). Calculate the greatest common divisor of r and 12.
4
Let q = -21 - -24. Let s be (-752)/(-10) + q/(-15). Calculate the greatest common factor of s and 15.
15
Let t = -8 + 68. What is the greatest common factor of t and 24?
12
Let y = 15 - -2. What is the highest common divisor of y and 153?
17
Suppose -5*k - 210 = -12*k. Calculate the greatest common factor of 12 and k.
6
Suppose -2*o = -o - 3*a + 2, -2*a = 5*o - 24. Let r = -27 - -59. What is the highest common divisor of r and o?
4
Suppose 0 = 4*g, -2*g = -2*i - 5 + 27. Let a be 2*((-291)/(-6) - -1). Calculate the highest common factor of a and i.
11
Let f(d) = 12*d - 11. Let p(c) = 10 + 0 - 35*c - 1 + 24. Let w(q) = -8*f(q) - 3*p(q). Let o be w(11). Calculate the highest common factor of o and 22.
22
Let h = -44 - -70. Let p = -24 + 8. Let c = h + p. Calculate the highest common factor of 2 and c.
2
Suppose -13 = -4*q + 3, -3*z + 5*q = 8. Let p = 0 + z. Let c = p - 3. What is the highest common factor of c and 4?
1
Suppose 9 = 5*b - 4*a, 0*a = 5*b - a - 6. What is the highest common divisor of b and 7?
1
Suppose -5*n + 1 = -3*i, 0 = 4*n - n - 6. Suppose -2*w = 3*w - 15. Calculate the greatest common divisor of i and w.
3
Let v be ((-2)/6)/((-18)/108). What is the highest common factor of v and 38?
2
Let k = 13 + 1. Let r = -6 + 62. Calculate the highest common factor of k and r.
14
Let x(k) = 10*k - 2. Let c be x(11). Let y(l) = l**3 + 5*l**2 + l. Let n be y(-4). Calculate the greatest common factor of c and n.
12
Suppose -195 = -3*a - 2*s - s, -195 = -3*a + 3*s. Suppose 3*m + 16 = 55. Calculate the highest common factor of a and m.
13
Let a(i) = i + 10. Let f be a(-8). Calculate the highest common factor of f and 2.
2
Let t be 30/(-20)*10/3. Let y = t + 7. What is the highest common divisor of y and 14?
2
Suppose 90 = -m + 4*m - 2*h, 0 = h - 3. What is the greatest common divisor of m and 16?
16
Let m(q) = q + 12. Suppose 2*y - 15 = 3*k, 0*k + 26 = -2*k - 4*y. Let a be m(k). Suppose a*d - 16 - 24 = 0. Calculate the greatest common divisor of 72 and d.
8
Let y(t) = -t**3 + 2*t**3 + 0*t**3 - t**2. Let o be y(2). What is the highest common divisor of o and 4?
4
Let f be (8/(-10))/(1/(-2990)). Let x be (-2)/(-10) - f/(-40). What is the highest common divisor of x and 24?
12
Let u be (-4 + 3)/((-1)/2). Let k = 5 + -3. Suppose -3*s = k*s - u*m - 190, -3*s + 88 = 4*m. Calculate the highest common divisor of s and 9.
9
Let u = 12 - -4. Suppose 2*a - 3*a + u = 0. What is the greatest common factor of 2 and a?
2
Let q = -121 + 124. Suppose 4*n + 2*y = 71 - 19, -4*y = -3*n + 61. Calculate the greatest common factor of n and q.
3
Let a be 1 - -1*12/(-2). Let j be (-1 + a)/((-3)/8). Suppose 0 = -3*m + 2*m + 2, 14 = 2*s - m. Calculate the highest common factor of j and s.
8
Let a = 15 - 3. Let x = a + -8. Calculate the greatest common divisor of 16 and x.
4
Let i be 44*(2 - (-3 - -2)). What is the greatest common factor of i and 12?
12
Suppose 0 = 4*m - 30 - 30. Let t(d) = -3*d - 3*d - 2*d. Let z be t(-15). Calculate the greatest common divisor of z and m.
15
Let y(r) = 27*r - 8. Let a be y(6). Let i = -22 + 36. Calculate the greatest common divisor of a and i.
14
Let d(r) = -r**3 - 9*r**2 - 11*r - 3. Let z be d(-8). Let g = z - -18. What is the highest common factor of 13 and g?
13
Suppose -2*c = 3*m - 12 - 13, 2*m + c = 16. Let t be (-494)/(-10) + (-2)/5. Calculate the highest common factor of t and m.
7
Let u(d) = -d + 57. Let i be u(26). What is the highest common factor of 341 and i?
31
Suppose -m = 4*v - 0*v, -m - 3*v + 4 = 0. Calculate the greatest common divisor of m and 24.
8
Suppose -5*w + 131 = 26. Suppose 5*m = 10*m - 15. What is the greatest common factor of m and w?
3
Let g be ((-9)/3 + 3)/(-2). Suppose -5*r + 799 - 119 = g. Suppose -4*v + r = 3*t - 73, 0 = -3*t - 3*v + 204. Calculate the highest common divisor of t and 21.
21
Let u be 28/((-8)/(-2)) + 0. Suppose 5*r + u = 2*k - 78, -2*k = 3*r - 77. Calculate the greatest common divisor of 10 and k.
10
Suppose -k + 3*k = 4*x + 60, 2*k = -5*x - 57. Let h = 19 + x. Suppose 3*r + y - 3*y - 60 = 0, -y + 51 = 3*r. What is the greatest common factor of r and h?
6
Suppose -4*j = -2*l - j + 31, -2*l - 3*j + 25 = 0. What is the highest common factor of 112 and l?
14
Let n = -651 - -670. Let o be (38 - 0)*33/6. What is the highest common factor of n and o?
19
Suppose 4*i - 50 - 222 = 0. What is the greatest common factor of 17 and i?
17
Let f = -45 + 52. Let l(q) = -q + 5. Let y be l(4). Calculate the highest common divisor of y and f.
1
Let h be (45/(-30))/((9/840)/(-1)). Let r = 40 + -20. Calculate the highest common factor of h and r.
20
Let s be 12 + (-3)/12*0. Calculate the highest common factor of 96 and s.
12
Let v be (1/2)/(2/24). Let g = -7 - -10. Let i be 49/4 - g/12. What is the highest common factor of v and i?
6
Suppose 3*v - 2*n = 3*n + 103, 0 = -3*v + 3*n + 93. Let y be 7/14*(-7 + 1) + 16. What is the highest common factor of y and v?
13
Let c(b) = 4*b**2 + 3*b + 3. Let g be c(-3). Let j be (0 + 117)*2/6. Suppose 5*n - j = 21. What is the greatest common divisor of g and n?
6
Let k be 2/(-7) - (-340)/14. Calculate the highest common factor of 3 and k.
3
Suppose 21*d - 14*d = 7. Calculate the greatest common factor of 3 and d.
1
Let t be (-4 - -7) + 0 + -2. Let a = 1 + 0. Let w be a + t + 1 - -1. Calculate the greatest common divisor of w and 1.
1
Let x = -25 - -65. What is the grea